ctor of w and 10?
10
Suppose 3*z + 917 - 169 = -4*y, -935 = 5*y - 2*z. Let h = 201 + y. What is the greatest common factor of 35 and h?
7
Let i = 391 - 391. Suppose 4*s - 11*f - 161 = -6*f, -3*f - 3 = i. Calculate the greatest common divisor of s and 182.
13
Suppose 3334 = -13*i - 4*i + 8859. What is the greatest common divisor of 675 and i?
25
Suppose -10*t - 24*t + 1183 = -1265. Calculate the highest common divisor of t and 696.
24
Let o = 2378 - -1373. What is the greatest common divisor of o and 62?
31
Suppose -2*h = 5*a - 183, 0*h + 4*a - 292 = -3*h. Calculate the greatest common factor of 1144 and h.
104
Let r = -68 - -73. Suppose r - 15 = -l. Suppose -7*p - 4*b - 8 = -3*p, 0 = 5*p - b - 8. Calculate the highest common factor of p and l.
1
Suppose 20 = -4*i, -5*i = 17*l - 12*l - 430. What is the greatest common factor of 247 and l?
13
Suppose -5*r + 615 = s, -186 - 183 = -3*r + 4*s. Let x be (r - 1) + 12 + -13. Calculate the greatest common factor of x and 22.
11
Suppose 5 + 219 = 4*u. What is the greatest common divisor of u and 1736?
56
Let a(z) = -z**3 + 15*z**2 + 44*z - 430. Let w be a(5). Suppose -2*p + 346 = x + x, -5*x = 2*p - 856. What is the highest common factor of w and x?
10
Suppose -5*z + 7*v + 89 = 4*v, -19 = -z + v. Let l be 72/z*20/6*3. Calculate the greatest common factor of l and 45.
45
Suppose 23*y + w = 21*y + 188, -w - 180 = -2*y. Calculate the greatest common divisor of y and 3634.
46
Let n be (0 + 1)*5 + -2. Suppose -n*m = -3*w + 6 + 27, -5*m - 37 = -2*w. Let c(r) = 5*r - 2. Let o be c(w). What is the greatest common divisor of o and 7?
7
Let l(v) = -173*v - 454. Let n be l(-3). What is the greatest common divisor of n and 115?
5
Suppose o + 2*c - 67 = 0, 0 = 40*c - 37*c + 6. What is the highest common divisor of o and 2627?
71
Suppose 4*t - n - 2973 = 0, 5*t + 4*n - 3668 - 22 = 0. Calculate the greatest common divisor of 318 and t.
106
Let t(z) = 3*z**2 + 6*z - 1. Suppose -10*k = -11*k - 5. Let o be t(k). Let j be 40/(-60)*66/(-4). What is the highest common factor of o and j?
11
Suppose -2*h - 5*l + 85 = 0, -3*l = -2*h + l + 94. Let r be (-4 + 3 + -35)*((-520)/32 + 5). Calculate the greatest common divisor of h and r.
45
Let y(h) = -2*h**3 - 20*h**2 + h - 23. Let w(l) = 9*l - 20. Let t be w(1). Let q be y(t). What is the greatest common divisor of q and 52?
52
Suppose 0 = 5*g - 4*x + 545, -g + 3*g + 3*x + 218 = 0. Let c = 6 - g. Suppose 974 = 89*r + 77 - 1150. Calculate the greatest common divisor of c and r.
23
Let i = 18013 + -17743. Calculate the highest common divisor of 60 and i.
30
Let z be 34/((-1088)/40)*-764. What is the greatest common factor of z and 155?
5
Let f be ((-790)/(-30))/((-5)/(-90)*3). Suppose f*p + 95 = 159*p. Let l(v) = -15*v - 3. Let k be l(-4). Calculate the highest common factor of p and k.
19
Let q = -182 + 89. Let n = q - -187. Let u be (10098/24)/9 - (-2)/8. What is the greatest common divisor of u and n?
47
Let l(q) = -11*q - 259. Let n be l(-26). Let j = 2 + 34. Calculate the highest common factor of n and j.
9
Suppose -100*u - 97*u + 5504 + 5331 = 0. What is the greatest common divisor of 11 and u?
11
Suppose 2400 = 4*g + 4*x, 592 = 348*g - 347*g + 3*x. What is the highest common divisor of g and 453?
151
Let y(c) = -c**3 - 11*c**2 + 2*c + 27. Let f be y(-11). Let t(l) = -6 - f - 2*l - 1 - 3. Let r be t(-14). Calculate the highest common divisor of r and 91.
13
Suppose -28*y + 20*y = -200. Suppose -2*b + 5*g + 206 = 8*g, 3*g = -3*b + 306. Calculate the greatest common factor of b and y.
25
Let v(x) = 249 + 7*x - 48 - 61 - 18. Let s be v(3). Calculate the highest common divisor of s and 26.
13
Suppose p + 9*p = 1140. Suppose 0 = -29*q + 10*q + p. Calculate the highest common divisor of 6 and q.
6
Suppose 0 = -o + 2*t - 46, 5*t = o + t + 50. Let p = o + 64. Let j be 1503/27 - 2/3. What is the greatest common divisor of p and j?
11
Let v(y) = 7 - 8 - 12*y - 6. Let q be v(-2). Calculate the greatest common divisor of q and 17.
17
Suppose 0 = 4*o - 6*o - 4*g + 84, -o - g = -41. Suppose 0 = -s + 2*a + 35, 5*s - 6*s + o = -3*a. What is the highest common factor of s and 275?
25
Suppose -5*c - 5 - 31 = -q, -24 = -q + 2*c. Let g = 159 + -156. Let z be (3 + 3/(-5))/(g/15). Calculate the highest common divisor of z and q.
4
Let m = 12612 + -12442. Calculate the greatest common divisor of 120 and m.
10
Let o = 890 + -884. Let w be 2*3/o - (-23 + 5). Calculate the highest common factor of 513 and w.
19
Let i be (-362)/9 + 24/108. Let r be i/(-18) - (-10)/(-45). Let m be (0 - 1)*(r + (-14)/1). Calculate the highest common divisor of m and 48.
12
Let u(n) = -n**2 + 13*n - 33. Let t be u(10). Let x be 7 + (15/(-6))/(t/6). What is the highest common factor of 4 and x?
4
Let z be 15/(-9) + 2/(36/66). Suppose -5*v = -2*n + 15, 2*n - z*v + v - 27 = 0. What is the highest common factor of 915 and n?
15
Let z(r) = r**2 - 8*r - 4. Let n be z(9). Suppose -3*h = 5*o + 66, -h - 8 - 12 = o. Let k = h - -37. Calculate the greatest common factor of k and n.
5
Let t = 90 + -12. Suppose 0 = a - 4*i - 47 - t, -3*a + i = -375. Calculate the greatest common factor of a and 75.
25
Suppose 289*u = -15*u + 11*u + 4688. Calculate the highest common divisor of 1264 and u.
16
Let s be (-428)/(-11) - 3/33*-1. Let d(r) = -r**3 + 16*r**2 + 3. Let v be d(16). Calculate the greatest common divisor of v and s.
3
Suppose 0 = 7*g - 46 + 18. Suppose 5*k + 2*y = 440, -g*y = -2*k + 6*k - 352. What is the highest common factor of k and 16?
8
Suppose 21*w - 40 = 26*w. Let b = -34 - w. Let n = b + 64. Calculate the highest common divisor of 114 and n.
38
Suppose 2*h + 2*y - 4*y = 1820, -h + 5*y + 914 = 0. Calculate the greatest common factor of h and 9.
9
Suppose 5*o + 22 = -n, -3*n + 19 = 2*o - 4*o. Let r be 11*n/((-21)/(-140)). What is the highest common divisor of 132 and r?
44
Suppose -451 = -4*l + 1317. Let z = -4551 - -4564. What is the highest common factor of l and z?
13
Let a be 262/8 + 1/4. Suppose 2*x - 4067 + 3946 = 5*g, 5*x = -3*g + 473. Calculate the highest common divisor of x and a.
11
Suppose -t - 31*a = -32*a - 481, t + a = 485. What is the highest common divisor of 1127 and t?
161
Let v = -36 - -38. Let g be 48/21*-3*(v - 9). Calculate the highest common divisor of 3 and g.
3
Suppose -5*b = -13*q + 15*q - 364, 0 = -b + 4*q + 64. What is the highest common divisor of 4824 and b?
72
Suppose -6*l = 9*l - 210. Suppose 0 = l*a - 12500 - 2116. What is the greatest common factor of a and 12?
12
Let u(m) = 153*m + 829. Let r be u(-5). Calculate the highest common divisor of 2528 and r.
32
Suppose 0 = 2*y + 4*c - 42 + 98, -170 = 5*y - 5*c. Let r = y + 34. Suppose r*w - 990 = -9*w. Calculate the greatest common factor of 10 and w.
10
Let u(n) = 7*n - 52. Let m be u(7). Let j be m*2*(-3)/6. Calculate the greatest common divisor of j and 9.
3
Let h = 11 + 27. Let t be (-18)/(-90) + h/(-20)*-22. What is the highest common divisor of t and 14?
14
Suppose -2 = -2*x + 24. Let g(q) be the second derivative of -2*q**3/3 + 34*q**2 - 36*q + 3. Let w be g(x). What is the highest common factor of 32 and w?
16
Suppose 0 = -37*t + 48779 + 12826. Calculate the highest common factor of 75 and t.
15
Suppose 3*r = -2 + 5, l - 38 = -3*r. Let c be (26/6)/(-23 - (-86976)/3780). Calculate the greatest common divisor of c and l.
35
Let t be ((-3)/(-6) - (-8 + 14))/((-1)/306). What is the highest common divisor of 198 and t?
99
Suppose 122*a = 10758 - 3072. Let g be -28*((-21)/12 + 0). What is the greatest common divisor of g and a?
7
Suppose -101*v + 13674 = -2082. Calculate the greatest common divisor of v and 30576.
156
Let j(l) = -503*l + 156. Let p be j(-8). Suppose 0 = 27*t - 8*t - p. What is the greatest common factor of t and 60?
20
Let n(f) = 16*f**2 + 15*f. Let p be n(-1). Let c be (4/2 + -12)*p*-9. Calculate the highest common divisor of 40 and c.
10
Let f be 30/(-21)*(-6 + -1). Let k(i) = -4 + 3*i - 4*i + 7*i. Let l be k(4). What is the greatest common factor of l and f?
10
Let m = -569 - -537. Let v be (-64 + 49)*(m/5 - 0). Calculate the highest common divisor of 6 and v.
6
Let q = -709 + 769. What is the greatest common factor of q and 1620?
60
Let m(o) = -8*o + 1. Let z be m(6). Let g = z + 53. Let t be (-561)/g*14/(-7). Calcula